37*y**2 - 45*y + 36. Let d(r) = -34*r**2 + 11*r - 9. Let o(x) = -9*d(x) - 2*q(x). Let v = 12 - 16. Is o(v) a prime number?
True
Let f = -7427 - -3959. Let k = f + 6509. Is k composite?
False
Suppose -240*r + 73697 = -227*r. Let c = r - -9942. Is c composite?
True
Let l = 2583 - -8656. Is l composite?
False
Suppose -s = -2*w + 50147, -31*w + 4*s = -30*w - 25077. Is w a composite number?
False
Suppose c + 7250 - 2716 = 0. Let a = c - -10005. Is a prime?
True
Suppose 6*k = 8*k - 54. Let c = k + -29. Is 1/2 - 0 - 147/c a prime number?
False
Let b(u) = -855*u + 1. Let h be b(-2). Let y = h + -1026. Is y a composite number?
True
Let q(t) = 2262*t**2 - 121*t - 1028. Is q(-9) prime?
True
Let t be (-12)/(-66) + (-1)/((-33)/390). Suppose t*h = h + 45166. Is h a prime number?
False
Let j = 205 - 328. Is (574/j)/((-4)/1506) a composite number?
True
Let q = -1004 - -31827. Is q prime?
False
Let z = 164707 - 67814. Is z composite?
False
Suppose -5*k + 357493 = -2*u, -u = -25*k + 23*k + 142996. Is k a prime number?
False
Let n(w) = -3*w + 5*w**2 + 3*w + 4*w - w**3 + 2 - w**2. Let b be n(4). Suppose b = -4*r + 142. Is r a prime number?
True
Is ((-6)/(-18))/(((-14)/(-3499503))/2) composite?
False
Let g(i) = i + 16. Let h be g(-3). Let o(v) = 0 + 11*v + 2*v**3 - 3*v**2 - 5 - 2*v**2 - h*v. Is o(6) a prime number?
False
Suppose -1751 - 3014 = -c. Let z = 8174 - c. Is z prime?
False
Suppose -7*i + 312215 = -257592. Is i a composite number?
False
Let g(z) = -z**2 - z + 28. Let b be g(0). Suppose 2*n + 0*n = 5*f + 42, 0 = 2*n + 2*f - b. Is -1942*((-56)/n + (3 - 1)) a composite number?
True
Suppose i - 3 = 4*g - g, -i = -3. Is (1/(-3) - g) + 199326/9 a composite number?
False
Let d(s) = 3*s**2 - 2*s + 23. Let x be d(7). Suppose 3*u = 183 + x. Is u composite?
False
Suppose 19*m = -16*m - 234675. Let l = 3106 - m. Is l composite?
False
Let b(p) = 27*p**3 - 4*p**2 + 2*p - 6. Let n(l) = -l**2 + 10*l - 20. Let s be n(8). Let a be b(s). Let z = a - -3385. Is z a prime number?
True
Let b be 466*12 + (-20)/5 + 0. Suppose -b = -9*i - 13*i. Is i prime?
False
Let m(t) = -12227*t - 557. Is m(-20) prime?
False
Suppose 28*k - 641484 - 1132232 = 0. Is k prime?
True
Let r(z) = -z + 15. Let i be r(13). Let a(m) = 25*m**i + 47*m**3 + 8*m - 19 - m - 29*m**2. Is a(4) a composite number?
False
Let h(t) = t**3 + 50*t**2 - 10*t + 49. Is h(-36) a composite number?
False
Suppose -21*l + 62*l = 11*l + 2301630. Is l a composite number?
True
Suppose 16 = -4*s, 2*y - 2*s - 40 = -2*y. Suppose -11*i + 7011 = -y*i. Suppose -2609 = -2*g + i. Is g a composite number?
False
Let p(f) = 82346*f**2 - 7*f - 3. Is p(2) prime?
False
Suppose 3*p - 105827 = -22427 + 83661. Is p composite?
True
Let a(w) = 83*w + 4. Let v(y) = -5*y + 31. Let z = -56 + 62. Let j be v(z). Is a(j) composite?
True
Let x(w) = 296*w - 4575. Is x(22) a composite number?
True
Suppose 0 = 2*a - 5*b + 50, 4*a + 134 = -5*b + 64. Is -8*a/32 - (-7783 - 1) a composite number?
False
Is (-4)/6 - (-273229)/177 a composite number?
False
Let s = 38 - -73. Suppose 5*m + 36 = 2*x + 9, -x - 6 = 4*m. Suppose 4*k - 148 = q - x*q, 3*k - 2*q = s. Is k prime?
True
Let p = 7610 - 7610. Let h(u) be the third derivative of u**4/4 + 701*u**3/6 - 2*u**2. Is h(p) a composite number?
False
Suppose 25*f - 70*f + 1978546 = -6432989. Is f a prime number?
False
Let l(k) = 87*k**3 - 2*k**2 - 3*k - 1. Let c be -2 + 24/16 + 2/(-4). Let a be l(c). Let v = 244 + a. Is v a prime number?
True
Suppose 0 = -f - 7*f + 13544. Suppose 17764 = 11*o + f. Is o prime?
False
Is (27/(-63))/(21/(-7520863)) a composite number?
False
Suppose 54*j = 34293474 + 8171964. Is j a composite number?
True
Suppose 2*z + 1298 = f - 818, -4*f + 3164 = -3*z. Let s = 717 - z. Is s composite?
False
Let g be ((0 - 0)/(27 + -29))/1. Let d(h) = -3*h**2 - 2*h + 953. Is d(g) composite?
False
Let c(p) = -2*p**2 + 29*p + 20. Suppose -45 = -2*f - f - 3*l, 0 = 4*l + 4. Let r be c(f). Let y = r + 107. Is y a prime number?
True
Let p be (27/(-18))/((-1)/2) - -9. Let b be (40/p)/(4/(-6)). Is ((-978)/10 - 10/5)*b a prime number?
True
Is 89348/(-8)*(4 + 1)/(10/(-4)) a composite number?
True
Let h(b) = 55*b + 8. Let p(s) = s**2. Let q be p(-2). Let c be h(q). Let v = c - -1573. Is v a composite number?
False
Let b(l) = -l**3 - 2*l**2 - 4*l + 18589. Is b(0) prime?
False
Suppose -3*q = -4*q + 5. Suppose q*d = 5*o, 5*d = 2*o - 6 - 3. Is (149/d)/(2/(-18)*3) composite?
False
Suppose 2*d - 254879 = -21*k + 26*k, -5*k + 1274485 = 10*d. Is d a composite number?
False
Let n(p) be the third derivative of -365*p**4/24 - 2*p**3/3 + 22*p**2. Let j be n(1). Let c = 880 + j. Is c a prime number?
False
Let s = 4265814 - 2783745. Is s a composite number?
True
Let z be 4/(-16)*-4*(-891 + 0). Let o = z + 1778. Is o prime?
True
Suppose 6*i + 54458 - 2396 = 0. Let d = i + 21258. Is d composite?
True
Let v(q) = 7*q**2 - 12*q - 49. Let o be v(30). Let w = o - 1344. Is w a prime number?
True
Let m(g) = g**2 - 2. Let v be m(7). Let z = v - 66. Let h(j) = j**3 + 20*j**2 + 16*j - 11. Is h(z) a composite number?
True
Suppose -12956 = w + 4*j - 1223, -2*j - 10 = 0. Let k = -7386 - w. Is k a composite number?
False
Suppose 0 = -92*h + 87*h + 42855. Is h composite?
True
Let a = -15 - -11. Let g(u) = -7*u**3 - 31729*u + 63463*u - 31729*u - 3*u**2 - 1. Is g(a) a composite number?
False
Suppose -40*d + 16481212 = -567948. Is d composite?
False
Let t be 2 + (-9)/((-9)/2). Let n be 1 + -4 + t - -1. Suppose -2*k = 4*d - 206 - 598, 0 = n*k + 4. Is d a composite number?
True
Suppose -132*y - 8545221 + 20992526 = -11259763. Is y a prime number?
False
Suppose 0 = v - 232676 - 111131. Is v a prime number?
False
Let z(w) = w**3 + 8*w**2 + 7. Let v be z(-8). Suppose 8*x - 221 = v*x. Suppose 6*l - 253 = x. Is l a composite number?
False
Suppose -2 = -o + 4*w, 2*w + 11 = o + 5. Suppose 2*d + 3*r - 10021 - 40807 = 0, -5*r - o = 0. Is d a prime number?
False
Let t = 74 - 67. Is 2/7 - (-5871)/t a prime number?
True
Is -1*723029*(15 + -32 - -16) prime?
True
Suppose -10*a + 18*a - 120 = 0. Suppose -a*j = -13*j - 72. Suppose -y - 1 = -j. Is y a prime number?
False
Let q be 12/3 - 21*4*-1. Let k(r) = r**3 - 7*r**2 - 12*r + 11. Let c be k(10). Suppose q = 3*s - 4*t - 459, s = -3*t + c. Is s prime?
False
Let q(n) = -n**3 - 22*n**2 - 31*n - 23. Let i be 1*((-69)/(-9))/((-4)/12). Is q(i) a composite number?
True
Let b(l) = -8*l**3 + 15*l**2 + 22*l - 10. Let h be b(-9). Let x = 12310 - h. Is x a prime number?
True
Let k(j) = -223*j - 53. Let y(d) = -112*d - 27. Let g(o) = 2*k(o) - 5*y(o). Let l(s) = s - 1. Let t(f) = g(f) + 2*l(f). Is t(13) composite?
True
Suppose -3*d + 43451 + 177498 = -78412. Is d a composite number?
False
Let o(g) = 8*g**3 + 3*g**2 + 7*g - 12. Let s be o(6). Suppose -3045 = -3*b + s. Is b prime?
True
Suppose -47340 = -256*f + 255*f. Suppose -24*h + 336444 = -f. Is h composite?
False
Let a be 39/78*(0 - -1)*4. Suppose 5*c - 510 = -a*f + 1462, 5*f - 4965 = 5*c. Is f a prime number?
True
Let b = -8397 - -2730. Let o(n) = n**3 + 5*n**2 - 20*n + 2. Let r be o(20). Let l = r + b. Is l prime?
False
Let s(m) = -418*m - 7. Let n be s(-2). Suppose -1851 = -4*j + n. Let h = 1083 - j. Is h prime?
False
Let f be 888 + 1/((-2)/4 - -1). Let m = f - 385. Is m prime?
False
Let n = -4360 + 2109. Let b = n + 4664. Is b a composite number?
True
Suppose 2*m - 118615 = 5*g, 49*m - 51*m = -4*g - 118618. Is m composite?
True
Suppose 0 = 55*d - 56*d + 120140. Suppose -k = -3*q - 24040, 0 = -5*k - 3*q - 2*q + d. Is k a prime number?
False
Let i(m) = m**3 - 17*m**2 - 40*m + 38. Let x be i(19). Let y(c) = -c**2 + 2*c + 2927. Is y(x) composite?
False
Suppose -25*o + 155743 = -91032. Is o a composite number?
False
Suppose -6*w = -9*w. Suppose -2407 = -x - g - 723, w = 2*x + 4*g - 3358. Suppose 0 = 2*d + d + q - 1009, -5*d = -2*q - x. Is d a composite number?
False
Suppose -255*r = -208*r - 222263. Is r a composite number?
False
Suppose -r = 5*q - 10, -q - 26 + 28 = 5*r. Let l(n) = 928*n - 39. Is l(q) composite?
True
Suppose -16758 = -3*d - 3*u, -4*d - 4*u = d - 27932. Suppose 0*l - d = -4*l. Is l composite?
True
Let n(g) = 12*g**2 + 10*g - 7. Let x(t) = -t**3 + t**2 - t + 1. Let z(k) = n(k) - x(k). Let r be z(-10). Is (-10)/45 + (-4558)/r a composite number?
True
Let m = -19